?
2, 7
Suppose 3*q + 1 - 7 = 0. What are the prime factors of 461/5 - q/10?
2, 23
Let l be (-8)/(-6)*(-15)/(-10). Suppose f + l*o + 7 = 0, f - 13 + 4 = 2*o. What are the prime factors of 19*f*(7 - 6)?
19
Let a(i) = 59*i**2 - 9. List the prime factors of a(3).
2, 3, 29
Let x = -6 + 11. Suppose 3*v - 4*v = -x*g - 35, 5*g - 265 = -5*v. Let o = -28 + v. List the prime factors of o.
2, 11
Let g(v) = v**3 + v**2 + v + 1. Let r be g(0). Suppose -5*u = 5*f + 25, -f + u - r = -0. What are the prime factors of 73*(f - -3 - -1)?
73
Suppose 6*y = -49 - 17. Let f(v) = -7*v - 26. What are the prime factors of f(y)?
3, 17
Let g(q) = q**3 + 7*q**2 - 4*q - 18. Let s be (-559)/117 - (-4)/(-18). List the prime factors of g(s).
2, 13
Let a = -248 - -109. Let z = 201 + a. What are the prime factors of z?
2, 31
Suppose -4*q + 432 = w - 5*q, 870 = 2*w - 4*q. List the prime factors of w.
3, 11, 13
Let d(m) = 9*m**2 - 19*m + 21. What are the prime factors of d(8)?
5, 89
Suppose 2433 + 2599 = 8*x. List the prime factors of x.
17, 37
Let u(f) be the first derivative of f**2 + 52*f + 6. Let y be u(0). Suppose 0 = -3*c + 7*c - y. What are the prime factors of c?
13
Suppose -3*x - c = 2*c - 21, 3*c = 9. Suppose 0 = 2*i - x*i + 56. What are the prime factors of i?
2, 7
Let u be 2 - (-2)/8*-4. Let k(i) = 271*i**2 - i. Let m be k(u). Suppose -5*b + m = 2*a, 102 = 3*b + 5*a - 79. List the prime factors of b.
2, 13
Let r be 0/(-1 + 3 - -1). Let f be -1*7 - (-3 - r). Let x(m) = -6*m + 3. List the prime factors of x(f).
3
Let t be 2 - (0 - (-3 + 1)). Suppose t = -2*c + 89 - 13. List the prime factors of c.
2, 19
Let l(t) = -122*t + 160. List the prime factors of l(-7).
2, 3, 13
Let b(r) = 6*r**2 + r. Let k be b(-1). Suppose s + 2*q = 30, -36 = -k*s + 4*q + 100. List the prime factors of s.
2, 7
Let f be (2/(-5))/((-3)/15). Suppose m - 504 = -f*m. What are the prime factors of m?
2, 3, 7
Let w = 0 + -6. Let a be (-20)/30*w/(-4). List the prime factors of -6*(-3)/(-6)*a.
3
Let x = -19 - -11. Let q = 10 + x. Suppose 17 = p - 4*k - 26, 0 = -p + q*k + 39. What are the prime factors of p?
5, 7
Let c(t) = 3*t - 3. Let i(u) = u - 3. Let r be i(8). List the prime factors of c(r).
2, 3
Suppose -5*s - 5*p = 680, 10*s + 3*p = 9*s - 134. Suppose -4*w - 216 = q - 3*w, q = -4*w - 201. Let r = s - q. What are the prime factors of r?
2, 3, 7
Let k(g) = -g**2 + 15*g + 19. Let x be k(16). Suppose 304 = 5*h + 2*b, x*h = -2*b + b + 183. Let s = -37 + h. What are the prime factors of s?
5
Let u be 183*4/4*1. Suppose -3*k = i - u, 4*k - i = -3*i + 242. List the prime factors of k.
2, 31
Suppose 5*t - 33 = 4*j, -4*t - 12 = -0. Let c be (j/(-18))/((-2)/(-9)). Suppose -3*p - c*w + 58 = -p, 4*p = 4*w + 76. What are the prime factors of p?
23
Let y be 2/3 - 21/(-9). Suppose 2*n + 2*f = 12, -14 - 10 = -4*n + y*f. Suppose 5*r - n*r = -37. List the prime factors of r.
37
Suppose -m + 21 = 4*t, m - 4*m + 15 = 0. Suppose t = 3*w - 5. What are the prime factors of w?
3
Suppose -3*z = -99 - 24. Suppose 0 = -3*x + z - 8. List the prime factors of x.
11
Let y be (-1 - -1)/(-5) - 3. Let d(b) = -3*b**3 - b**2 + 5*b + 4. What are the prime factors of d(y)?
61
List the prime factors of -2*((-36)/84 + (-25831)/14).
3691
List the prime factors of -4 - (-1 - (4 + 750)).
751
List the prime factors of (3/((-9)/(-526)))/((-207)/(-1242)).
2, 263
Let q = -15 + 169. What are the prime factors of q?
2, 7, 11
Let h be 0 - (-1 + 1 + -3). Suppose -5*q - 4*a = -h*q, -5*q - 5*a = 0. Suppose -4*i = -q*i - 44. List the prime factors of i.
11
Let d(o) = 9*o - 30. Let p(v) = 2*v**2 + 31*v + 30. Let z be p(-15). What are the prime factors of d(z)?
3, 5, 7
Suppose -3*g + 3*v = 594, -4*v = g - 0*g + 223. List the prime factors of (-10)/(-6)*3 - g.
2, 13
Suppose 4*x = 7*j - 3*j + 400, -4*j + 2*x = 406. Let v = 286 + j. Suppose 4*q + 51 - v = 0. What are the prime factors of q?
3, 11
Suppose 0 = -2*z + 4*z - 318. What are the prime factors of z?
3, 53
Suppose 250 = 2*k - 2*g, 0*g + 246 = 2*k - 3*g. Suppose 3*j - 2*s = -j + 172, -3*j + 5*s = -k. List the prime factors of j.
43
Suppose 5*i = 4*s + 6208 - 1356, 4*i = 3*s + 3881. What are the prime factors of i?
2, 11
Let k be 1 - (3/2 + 14/(-4)). Suppose 4*m + 2 = -z + 32, 0 = -z + k*m + 51. What are the prime factors of z?
2, 3, 7
Let h = -840 + 838. Let i(f) = 37*f - 1. Let p be i(-1). Let j = h - p. What are the prime factors of j?
2, 3
Suppose 0*y + y = 3. Suppose -k + 2*k + 11 = 2*w, -y*k = -4*w + 23. List the prime factors of w.
5
Let z(l) = 51 + 0*l - 81 - 6*l. What are the prime factors of z(-18)?
2, 3, 13
Suppose -11 = -2*g + 19. Let p = -57 - -100. Let t = p - g. What are the prime factors of t?
2, 7
Suppose 0 = 11*g - 19869 + 6086. List the prime factors of g.
7, 179
Let l be (-157144)/(-40) - 2/(-5). Suppose q = -3*z + l, 2*z = -3*q + 4*q + 2621. What are the prime factors of 1/(-2) + z/20?
5, 13
Let y(v) = v**3 + 7*v**2 + v + 10. Let f be y(-7). Suppose -2*n = -4*b - 188, 0 = 2*n + f*n - 5*b - 450. List the prime factors of n.
2, 43
Let r be (1 + -1 + 4)/(-2). What are the prime factors of (1 + (-303)/r)*(-56)/(-35)?
2, 61
Let n(t) = -14*t + 40. What are the prime factors of n(-8)?
2, 19
Suppose 3*w - 225 = -2*b, -3*w + 67 = b - 41. Suppose o = -g + b, 3*o + g - 437 = -92. Suppose -2*v - o = -4*v. List the prime factors of v.
3, 19
Let c(t) = -6*t - 1. Let i(s) = -19*s - 2. Let l(a) = -17*c(a) + 6*i(a). List the prime factors of l(-2).
29
Suppose 0 = -3*j - 2*s + 7 + 5, -j = 3*s - 11. Suppose 60 = -3*h + 4*h. Suppose -g + z - h = -j*g, z - 172 = -3*g. What are the prime factors of g?
2, 7
Let h be 1 - (-4 - -2) - -3. Suppose 2*u + 2*n - 5 + 1 = 0, -2 = -u - 4*n. Suppose -5*q = u*t - 91, 5*q - 190 = -h*t + t. What are the prime factors of t?
3, 11
Let i = -242 + 726. Suppose -2*w + 4*l = -i, -4*w - 2*l = -6*w + 482. What are the prime factors of ((-1)/(-2))/(6/w)?
2, 5
Suppose -6 = -7*u + 5*u. Suppose u*n = 80 + 127. What are the prime factors of n?
3, 23
Suppose 20 = 4*u, 3*w - 205 = 5*u + 7. Suppose -2*f = 3*h - 16 - 170, 0 = h - 5*f - w. List the prime factors of h.
2
Let n = -82 + 46. Let x = -72 + 44. Let a = x - n. List the prime factors of a.
2
Suppose 0 = -2*o + 4 - 18. Let x(v) = 8*v - 1. Let t be x(o). List the prime factors of t/6*6/(-3).
19
Suppose 0 = -t - 8 + 10. Suppose -67 = -w + 3*o - t, w - 64 = 4*o. What are the prime factors of w?
2, 17
Suppose -5*n + 3*o = 5386, 954 = -n - 4*o - 114. What are the prime factors of 2/((-16)/n)*(0 - -2)?
269
Suppose 203*s = 193*s + 18120. List the prime factors of s.
2, 3, 151
Suppose 1505 = 4*a + 5*d, 5*a + 2*d = -33 + 1893. List the prime factors of a.
2, 5, 37
Let j = -2 - 26. Let s be (-8 - 1)*j/42. Suppose m - 2*o - 2 = 0, -3*o - 33 = -3*m - s*o. What are the prime factors of m?
2
Let s = 4766 + -2865. What are the prime factors of s?
1901
Suppose -6*g = 74 - 416. What are the prime factors of g?
3, 19
Suppose 3*y - 3*j = 6834, y - 2308 = -112*j + 107*j. List the prime factors of y.
3, 761
Let u(h) be the first derivative of 2*h - 1/4*h**4 + 0*h**2 + 5/3*h**3 - 5. List the prime factors of u(5).
2
Let l(d) = -d**3 + 0*d**3 - 35 - 7*d + 37 + 0*d - 7*d**2. Let n be l(-6). Suppose 0*q + n*q - 328 = 0. List the prime factors of q.
41
Let w be ((-25)/(-20))/(1/(-8)). Let a(y) = y**3 + 11*y**2 + 7. Let s be a(w). Suppose 5*z - 4*k = 186, 2*z + k + 30 = s. What are the prime factors of z?
2, 19
Let h(w) = 280*w + 1474. What are the prime factors of h(12)?
2, 2417
Let t be (4 - 4/(-2))/3. Let c(w) = -w**3 + 3*w**2 + 1. Let o be c(2). Suppose -23 = -k - t*p + 6, 4*p = o*k - 89. List the prime factors of k.
3, 7
Let x(f) = 5*f**3 - f**2 + 2*f - 2. Let b be x(1). List the prime factors of (-36)/(-27)*6/b + 130.
2, 3, 11
Let v = 2593 + -501. List the prime factors of v.
2, 523
Suppose -24*f - 1160 = -28*f. What are the prime factors of f?
2, 5, 29
Suppose -6*n - 2*n = -32. Suppose s - n*l - 193 = -l, 5*l - 1025 = -5*s. List the prime factors of s.
2, 101
Let a(j) = -151*j + 250. List the prime factors of a(-5).
3, 5, 67
What are the prime factors of (997 - (-5 + 0))*(-3)/(-2)?
3, 167
Let g(m) = -m**2 + 2*m + 9. Let f be g(4). Let b(u) = 164*u**3 - 2*u**2 + 4*u - 3. List the prime factors of b(f).
163
List the prime factors of 87 + 185 